at is k(1)?
5
Let k = 15 + -24. Let m(w) = 240964 - 240944 - 11*w + 12*w. Calculate m(k).
11
Let z(h) = -h + 329. Let p(k) = -k + 274. Let u(l) = -6*p(l) + 5*z(l). Calculate u(-23).
-22
Let u(f) = 4*f - 1. Suppose -b + 32 + 19 = 0. Suppose 0 = -57*x + b*x - 6. Determine u(x).
-5
Let f(m) = -m**3 + m**2 - 2*m. Let l = 63 + -42. Suppose -17*q = -l - 13. Calculate f(q).
-8
Let m(y) = -y**2 + 12*y + 6. Let d = -2433 - -2446. Calculate m(d).
-7
Let o(p) = -p**2 + 4*p - 3. Let t(r) = -r**2 + 1. Let n(i) = o(i) - 2*t(i). Let d = -38 - -37. Let y be d*(-2 + -2) - 10. What is n(y)?
7
Let g = 78 + -71. Let j(p) = 5*p - p - g*p - 44 + 43. Calculate j(4).
-13
Let x(t) = 32*t - 353. Let k be x(11). Let p(z) = -12*z - 2. Give p(k).
10
Suppose 32*d - 45 = 51. Suppose -3*k - 5*j - 2 = 4, -d*k + 5*j = -24. Let l(w) = w**2 - 2*w - 3. Give l(k).
0
Let w(n) = n**3 + 7*n**2 + 7*n + 59. Suppose -i - 11 = 2*o, 4*i + 41*o = 39*o - 32. What is w(i)?
10
Let a be (-8 + 4 + (-21)/(-6))*-22. Let u be (19 + a)*2/(-6). Let f(v) = -6*v**2 - v**2 + 12*v + 9*v**2 - v**2 + 11. Determine f(u).
-9
Let u(p) be the third derivative of p**6/360 + 13*p**5/120 + 3*p**4/8 - 47*p**3/6 - 15*p**2. Let z(t) be the first derivative of u(t). Give z(-11).
-13
Suppose -7 = 4*q - 5*k, -5*k + 4*k - 3 = -3*q. Let v(j) = 6 + 3*j + 7*j**2 + 14*j**q - 22*j**2. Let c be (-46)/(-8) + (-1)/(-4). Determine v(c).
-12
Let j(d) = -d + 15. Let c(a) = 3*a + 18*a**3 - 8*a**3 - 31*a - 10 - 9*a**3 + 11*a**2. Let t be c(-13). Suppose 3 - 3 = -t*k. Determine j(k).
15
Let r be (-37 - (-16 - 42)) + -2*6. Let d(i) = 5*i**2 - 48*i + 3. Determine d(r).
-24
Let f(n) = -n - 4. Suppose -4*d + 13 = -5*u, 0*u + 5 = 4*d + 3*u. Let r = -1018 + 1004. Let w be d/(-11) - r/77. What is f(w)?
-4
Let u(m) = -m**2 - 6*m - 11. Let w be u(-2). Let q(b) = -b + 6. Let a be q(-9). Let z(o) = -6 + 2*o + a - 7. What is z(w)?
-4
Let k(y) = -6 + 17 - 10*y - 6 - y**2. Let p = -135 - -126. Calculate k(p).
14
Suppose 0 + 9 = -3*w. Let n(x) = 2*x**3 - 26*x**2 - x + 20. Let d be n(13). Let q = d + w. Let p(v) = -3*v + 6. What is p(q)?
-6
Let t(c) = 6*c + 4. Let w = -97 - -102. Suppose -w*f = -15*f - 30. What is t(f)?
-14
Let o(k) = -k**3 + 4*k**2 + 49*k + 84. Let t be o(-3). Let c(r) = -r**3 + 7*r**2 - r - 15. Determine c(t).
-15
Let t be (2/4)/((6/36)/1). Suppose -u + 3 = -4*u + t*q, -u - 4*q = -9. Let p(l) = -21*l**2 - 3*l**3 - 3*l - 1 + u + 18*l**2. Determine p(-2).
18
Let d(s) = -33*s + 5. Suppose -28*j - 3*j = -341. Let r(b) = -63*b + 9. Let t(n) = j*d(n) - 6*r(n). Determine t(-2).
-29
Suppose -3914*n + 3898*n = -48. Let l(w) be the third derivative of 0 + 32*w**2 + 1/3*w**n + 1/12*w**4 + 1/60*w**5 + 0*w. Give l(-4).
10
Let c(w) = -w + 3 - 3 - w**3 - 2 + 3. Suppose 5*a + 5 = 20. Let p be (3 - 2) + a - 2. Give c(p).
-9
Let n(m) = m + 1. Suppose 3*b + 3*g + 12 = 0, -5*b + 8*b - 6 = 3*g. Let y = 0 + -2. Let d(f) = f - 7. Let s(w) = b*d(w) + y*n(w). What is s(5)?
-10
Let b = -81 + 87. Let o(a) = -a**3 + 8*a**2 - 10*a - 10. Let y be o(b). Let c(v) = 4*v**2 + 2*v. Determine c(y).
20
Let x(n) = -7*n + 88. Let h(g) = 13*g - 225. Let p(m) = -2*h(m) - 5*x(m). Calculate p(-6).
-44
Let b = -159 - -161. Suppose 0 = g - b - 4. Let r(n) = -n**3 + 7*n**2 - 6*n. Give r(g).
0
Let f = -66 + 79. Suppose o + 2*o = -4*w - f, 4*o + 2*w + 14 = 0. Let x be o/15 + (-21)/(-5). Let a(z) = 3*z - 6. Give a(x).
6
Let p(o) = -24*o - 51. Suppose -3*x = j - 7, -523*x + 518*x = -15. Determine p(j).
-3
Let y = -1 - -9. Let m(p) = 3*p**3 + 10*p**2 + 2*p + 4. Let n be m(-2). Let g(x) = -9*x - 1 - 5*x - x + n*x. Determine g(y).
7
Let o(v) = -3*v + 72. Let n(t) = t - 15. Let r(q) = -2*n(q) - o(q). What is r(-34)?
-76
Let m(y) be the third derivative of -y**4/6 - 11*y**3/3 + 3052*y**2. Give m(-4).
-6
Suppose -12*h = -2*u - 14*h - 86, 119 = -3*u + 2*h. Let n = u + 39. Let q(j) = -j - 5. Calculate q(n).
-3
Let u(g) be the first derivative of -7*g**4/4 - g**3/3 + g**2 - 2*g - 810. Give u(1).
-8
Let k(b) = -7*b + 30. Suppose 47*x = 21*x + 156. Determine k(x).
-12
Let p(v) = -2*v + 4 - 2 + 7*v. Suppose 22*a - 23 - 4 = 17. Let s(k) = -4*k - 2. Let m(b) = a*p(b) + 3*s(b). What is m(-4)?
6
Let u(c) = -52*c**3 - 14*c**2 - 8*c - 31. Let j(z) = -49*z**3 - 12*z**2 - 7*z - 26. Let k(b) = 6*j(b) - 5*u(b). Give k(-1).
33
Suppose -24 = -15*t + 7*t. Let l(u) = -72*u**t + 0*u + 65*u**3 + u. Determine l(1).
-6
Let y be (1 - (-4 - -5))/2. Let x(o) = -o**3 - 5*o**2 + o + 16. Let m be x(-5). Let q(d) = d - m + 2 + 4 + y*d. Calculate q(7).
2
Let x(u) = 12*u + 20 - 40 + 1 + 4 + 5. Calculate x(-3).
-46
Let z(b) be the first derivative of b**6/360 + 3*b**5/40 + b**4/4 + 65*b**3 + 246. Let r(s) be the third derivative of z(s). Give r(-6).
-12
Let j(w) = -w**2 - 24*w - 114. Suppose -33*a + 30*a - 39 = 3*n, n + 3*a = -23. Let c be j(n). Let k(y) = -4*y + 57. Calculate k(c).
1
Let m(y) = y**2 - 35*y + 66. Let o be m(2). Let g(a) = a**2 + 2*a + 122. Give g(o).
122
Let d(k) = -k - 4. Let q = -158 + 162. Let z be 2 + -7 + -4*(-2)/q. Determine d(z).
-1
Let f(q) = 2*q**2 + 2*q + 3. Let r(b) be the first derivative of b**2/2 + b + 69. Let p(x) = -f(x) - 4*r(x). Determine p(-3).
-7
Let f be (-7)/(126/(-508)) - (-2)/(-9). Suppose -11*b - 5 - f = 0. Let h(c) = -c - 3. Determine h(b).
0
Let s(l) = -4*l - 21. Suppose 878*a - 902*a + 0 - 72 = 0. What is s(a)?
-9
Let k(v) = 55*v - 548. Let i be k(10). Let o(s) be the first derivative of -7*s - 1/2*s**i - 21. Give o(-5).
-2
Let a(y) be the second derivative of -13*y**5/20 - y**2/2 - 26020*y. Let b(u) = 2*u**2 - 1. Let p be (-2)/(-4)*4/(-2). Let n be b(p). Calculate a(n).
-14
Suppose -2*r - d = 722, d = -4*r + 2*d - 1432. Let k = -362 - r. Let h(f) = -2 + 5*f + 2 + 1. Determine h(k).
-14
Let l(m) = -m**3 - 9*m**2 - 7. Let i(g) = -2*g**3 - 19*g**2 - 15. Let k(n) = -3*i(n) + 7*l(n). Let o = 28149 - 28155. Give k(o).
-4
Let f = -30 + 33. Suppose -f*y - 3*s = -y + 6, -2*y - 14 = 5*s. Let q be 2/y + (-2 - 48/(-9)). Let a(o) = 2*o - 5. Determine a(q).
3
Let y(n) be the third derivative of n**7/2520 + n**6/180 + 97*n**5/60 + 253*n**2. Let z(q) be the third derivative of y(q). Calculate z(-3).
-2
Let j(k) = 3*k**3 - 3 + 5 - 15*k**2 + 6*k + 6 + 0. Let y(l) = 3*l**3 - 10*l**2 + 2*l - l**3 + 0*l + 5 + 2*l. Let v(x) = -5*j(x) + 7*y(x). Determine v(4).
3
Let b(k) = -k**3 - 7*k**2 + 9*k + 9. Let p(s) = -6*s**2 - 568*s + 182. Let n be p(-95). Give b(n).
1
Let r = 50 - 30. Suppose 3*s = 4*b + 15, 5*b - 4*s = 6*b - r. Let v(m) = -m**2 + 11. Calculate v(b).
11
Let z(m) = -2831*m**2 - m + 5652*m**2 - 2826*m**2 + 2. Calculate z(2).
-20
Let t(y) = y**3 - 12*y**2 + 26*y + 6. Let h(q) = 31*q - 2781. Let i be h(90). Give t(i).
-3
Let h(x) = -2*x**3 + 2*x - 2. Let z(n) = 10*n**2 + 98*n - 23. Let y be z(-10). Give h(y).
46
Let x(r) = 29*r**3 + r - 2. Let k be x(1). Suppose 4*d - k = -4*f, -3*d + 5*f + 19 = -2*d. Let n(g) = 2 + 3 + 12*g - d*g. Calculate n(-5).
-10
Let o(l) = -12*l - 58. Let i(x) = 8*x**2 - 278*x + 199. Let y be i(34). What is o(y)?
2
Suppose 2*l + 9*l - 374 = 0. Let t(v) = 2 - v**2 + l*v - 1 - 36*v. Determine t(-2).
1
Let l(s) be the third derivative of -s**6/120 + s**5/12 + 7*s**4/24 - 7*s**3/3 - 141*s**2. What is l(6)?
-8
Let i(o) = 76*o + 106*o - 7 + 91*o - 66 - 287*o. What is i(-5)?
-3
Let d(o) = 3*o - 8. Let b(k) = 32*k - 125. Let r(s) = b(s) - 11*d(s). Determine r(-43).
6
Let x(i) = -2*i**3 + 14*i**2 + 110*i - 767. Let d be x(8). Let o(f) = -40*f - 603. What is o(d)?
-3
Let u(y) = y**2 + 61*y + 17. Let k(o) = -6*o - 3. Let p(f) = 10*k(f) + u(f). What is p(-5)?
7
Let l(t) = -3*t**2 - 3*t + 4. Suppose -4*a + 29 = -3*b, -3*a + 1047*b - 1051*b = 22. What is l(a)?
-14
Let l(s) = -4*s**3 + 2*s + 1. Suppose -2*t - 30 = 6. Let k be 10/4 - 3*(-21)/t. Calculate l(k).
3
Let g = -1351 + 1351. Let t(u) = -u**2 + 2*u - 17. Calculate t(g).
-17
Let u(s) = s - 2. Suppose 5*i = 4 + 6. Let h be u(i). Let y(g) = -44 + 33*g - 7*g + 40 - 25*g. What is y(h)?
-4
Suppose -46*p + 50*p - 8 = 0. Suppose p*f = -19 + 15. Let w(d) = 4*d + 1. Calculate w(f).
-7
Let l(v) be the second derivative of 7*v**3/6 + 6*v**2 + 2557*v. Determine l(-7).
-37
Let p(j) = 16*j - 1560. Let i be p(98). Let m(r) = 2*r**2 - 14*r - 5. Calculate m(i).
11
Let n be (-4)/14 - 51/(-7). Let o(k) = -9*k**2 - 9*k - 1. Let u(y) = y**3